te the greatest common divisor of g and p.
11
Let u be 126/(-28)*-2*10/45. Suppose s + f = 10 + 10, s + u*f = 21. Let h = 48 + 9. What is the greatest common factor of h and s?
19
Let o(f) = -f**3 + f**2 + 44*f - 13. Suppose -3*d = 10*d - 91. Let u be o(d). Let n be (-1 - 5)*(-6)/4. What is the highest common factor of u and n?
1
Let u be 0*((-21)/15 + 4/10). Let y be 5*(u - 15/(-25)). Suppose y*m + 40 = 202. Calculate the highest common divisor of m and 81.
27
Suppose -22*b + 537 = 405. Let t be (18/(-36))/((-3)/b). What is the highest common divisor of t and 4?
1
Let t be -1 + -39*(-5)/15. Suppose 0 = 4*g - 91 - 5. Suppose -435 = -4*q - h, -4*q - g + 444 = -4*h. What is the highest common divisor of q and t?
12
Let f(m) = -5*m**3 + 13*m - 2 - 85*m**2 - 2 + 90*m**2 + 0*m**3. Let c be f(-2). What is the highest common factor of c and 135?
15
Let d = 250 + -245. Suppose -z = y - 41, d*y - 88 = 2*z - 4*z. What is the highest common factor of 221 and z?
13
Let u be (-1330)/(-40)*(-2 + 6). Suppose u - 136 = -j. Suppose 2*l = -5*m + 7, 0 = -j*l - l + 4*m + 28. Calculate the highest common divisor of 2 and l.
2
Let n(o) = -2*o**3 + 31*o**2 + 5*o - 295. Let t be n(15). Let c = -14 + 48. Let i = 49 - c. What is the highest common factor of t and i?
5
Let y(t) = -t**2 - 38*t + 39. Suppose -4*j + 7 = -3*x + 96, 3*x + 72 = -3*j. Let l be y(j). What is the highest common factor of l and 24?
24
Let h = 34 - 10. Let v be ((-12)/(-5))/(75/250). Suppose -5*j - v = -x, -j = -2*x + 12 + 4. Calculate the greatest common factor of x and h.
8
Suppose -3*p - 2*d = -480, -4*p + 994 - 361 = 5*d. Let q be (-1)/((6/14)/(-3)). Let i be 25 - 0 - (-14)/q. What is the highest common factor of i and p?
27
Let b be ((-20)/6)/((-14)/(-2415)*-5). Let r = 122 - b. What is the highest common divisor of r and 77?
7
Suppose -131*p + 17170 = -127*p + 18*g, 21386 = 5*p - 3*g. Calculate the greatest common divisor of p and 33.
11
Suppose 3*o = -2*v - 22, -4*v = -2*o + 16 - 52. Let m(t) = 9*t**2 - 7*t + 13. Let l be m(2). Let s = l + o. Calculate the greatest common divisor of s and 5.
5
Let z be -2 - 3 - (5 + -12). Suppose -5*t + 77 = z*i, 11*t - 6*t - 128 = -3*i. What is the highest common factor of 204 and i?
51
Suppose 157*y = 167*y - 3910. Let j = -21 + 38. Calculate the greatest common divisor of j and y.
17
Let j(b) = -2*b**3 - 44*b**2 - 244*b - 2. Let t be j(-9). Calculate the greatest common factor of t and 56.
8
Let c be 0/(-2 + 3) + 13. Let l = -57119 + 57210. Calculate the highest common factor of c and l.
13
Suppose -53*z = -36*z + 17. Let x be z*8/(-2) + 78/3. Calculate the highest common divisor of x and 60.
30
Suppose -n = -3*k + 2924, -n + 1358 = 3*k - 1556. Let j = k - 959. What is the highest common factor of j and 322?
14
Let p be 28/6*18/6. Suppose -p*z = -4*z - 240. Let i be z/(-18) - 4/((-24)/146). What is the highest common divisor of i and 23?
23
Let h = 4359 + -4009. What is the highest common divisor of h and 182?
14
Suppose 0 = d - 5*k + 34, d + 19 = 3*k - k. Let o be (d/3 + 11)/((-4)/(-48)). Suppose o = -0*a + 4*a. What is the highest common factor of 264 and a?
24
Suppose -5*g = 5*g + 2*n - 220822, 3*n = -12. What is the greatest common factor of 51 and g?
51
Suppose -36 = -7*n + 55. Let k be (2/1)/(n/65). Let a(u) = 2*u**2 + 4*u. Let s be a(-7). What is the highest common divisor of s and k?
10
Let l be (3 + -1)/((-226)/(-339)). Suppose 17 = v + l. Calculate the highest common factor of 1358 and v.
14
Let q = 30 + 4. Let g = q + -10. Calculate the highest common divisor of g and 56.
8
Let v = 4362 + -4318. What is the greatest common factor of v and 1243?
11
Suppose 0 = 7*f - 3*k - 878 + 165, -f - 5*k = -129. Suppose -b + 46 = -19. Calculate the highest common divisor of f and b.
13
Suppose 54*k + 30*k = 6*k + 1638. Let z = -246 + 645. What is the highest common divisor of z and k?
21
Let q(n) = -289*n + 603. Let m be q(2). Suppose 8*h + 322 = 922. Calculate the greatest common factor of m and h.
25
Suppose 2*d = -5*v - 536, -3*v + 3*d + 158 = 488. Let h = v - -54. Let z = h + 138. What is the greatest common divisor of z and 24?
12
Suppose 9*s - 417 + 138 = 0. What is the greatest common factor of 5859 and s?
31
Suppose -2*m + m = -5*t - 230, -m - 4*t + 266 = 0. Let h(r) = -r**3 - 56*r**2 - 44*r + 615. Let s be h(-55). Calculate the greatest common divisor of s and m.
10
Let v(n) = 32*n**2 - 7*n - 61. Let u be v(-5). Suppose -32*t = -u - 2042. Calculate the greatest common divisor of t and 121.
11
Let j(p) = 122*p + 1350. Let b be j(-11). Calculate the greatest common factor of b and 89.
1
Let m = 76 + -64. Suppose 0 = 45*v - 44*v - 240. Calculate the highest common divisor of v and m.
12
Let l = 163 - 156. Suppose w - 4096 = -l*w. Calculate the highest common divisor of 64 and w.
64
Let v = 152 - 150. Suppose -a + 318 = 3*a - n, -v = n. What is the highest common divisor of a and 632?
79
Let l(v) = 6*v + 14. Let z be l(-11). Let u = z + 54. Let d = 0 - -22. Calculate the highest common factor of d and u.
2
Let l be (-51)/(-18) + -2 + ((-811635)/(-90) - -11). Calculate the highest common factor of l and 60.
30
Let j be 151 - -15 - (88/(-77))/((-2)/(-7)). Calculate the highest common factor of 15130 and j.
170
Suppose -v = -0*p - p + 204, 3*p - 619 = -4*v. Suppose 0 = -209*x + p*x + 680. What is the highest common divisor of 425 and x?
85
Let u(t) = -t**3 + 21*t - 10. Let p be u(4). Suppose 48 = 4*s - p*l + 11*l, -4*l + 71 = 5*s. What is the highest common divisor of 1 and s?
1
Let t(l) = 7341*l + 6933. Let i be t(7). Calculate the highest common factor of 48 and i.
48
Let c(n) = 10022*n**2 - 3*n - 6. Let f be c(-1). What is the greatest common divisor of 86 and f?
43
Let r = -3071 - -3335. Calculate the greatest common divisor of r and 66.
66
Suppose s - 2*d - 2387 = 0, 31*d = 36*d. What is the highest common factor of 77 and s?
77
Suppose 4*m - 145 = -5*h, 19*h = -3*m + 21*h + 80. What is the greatest common factor of m and 210?
30
Let n(m) = 12*m**3 + 3*m**2 - 11*m + 26. Let j be n(4). Calculate the highest common factor of j and 182.
14
Let n = -3707 - -3724. What is the highest common divisor of n and 2363?
17
Let v be ((-33)/(-99))/(1/6*-1). Let j be (v*(-2)/6)/(4/12). Suppose -5*g + j*g + 117 = 0. What is the greatest common divisor of g and 13?
13
Suppose -4*m - 3*z + 113 = -2*z, 2*z - 2 = 0. Let d = 1636 + -1622. Calculate the greatest common factor of m and d.
14
Let s be (-6)/(-4)*(-498)/(-9). Let i = 89 - s. Suppose i = 7*n - 1. What is the greatest common divisor of n and 5?
1
Suppose 3*q = -2*f - 529, -q + 6*q - 3*f + 907 = 0. Let m = q + 188. What is the greatest common divisor of m and 279?
9
Let r be 25 + -20 + -1*4. Let a be -6 - -3 - -84*r. Calculate the highest common divisor of a and 9.
9
Suppose -15*n + 142*n = -275*n + 81606. Calculate the highest common divisor of 1022 and n.
7
Let r = 273 - 194. Let i = r - 34. Let w be 994/18 + (-10)/i. Calculate the greatest common factor of w and 5.
5
Let w(b) = -b**3 + 5*b**2 + 8*b - 17. Let a be w(6). Let g(o) = 27*o + 145. Let k be g(a). What is the highest common divisor of k and 90?
10
Let p = 3005 + -2967. Calculate the greatest common divisor of p and 4.
2
Let i(k) = 251*k - 123*k + 18 - 111*k. Let v(a) = -a**3 - 4*a**2 - a + 4. Let q be v(-4). Let n be i(q). Calculate the highest common factor of 14 and n.
14
Let z(k) = -93*k - 788. Let g be z(-25). Calculate the highest common factor of 689 and g.
53
Let l be -50*((3 - 4) + -1). Let y be (-6)/2*(-6)/(-2). Let v = 11 - y. What is the greatest common divisor of v and l?
20
Let s(w) = 15*w**2 - 26*w - 10. Let d be s(-3). What is the highest common factor of d and 29?
29
Suppose 6*x - 332 = 5*x. Suppose 2*k - x = 5*q, -q - 3*q = k - 166. Let r = k + -46. What is the highest common divisor of 40 and r?
40
Let l be -1 - 0 - (-34 + -2). Suppose -6*q + 192 = 3*b - 8*q, -q = -b + 61. What is the greatest common factor of b and l?
35
Let n be 11 - ((-13)/(702/12) - (-20)/9). Calculate the highest common factor of 465 and n.
3
Let c(a) = 4*a**3 - a**2 + 325*a - 1962. Let r be c(6). What is the highest common factor of 1104 and r?
48
Let g = -154 - -187. Let i = 97 + -3. Suppose 8*w - 34 = -2*a + 3*w, -4*a = -3*w - i. What is the highest com